{"id":39,"date":"2019-11-16T16:30:57","date_gmt":"2019-11-16T16:30:57","guid":{"rendered":"http:\/\/aiie.valahia.ro\/?page_id=39"},"modified":"2024-10-23T15:18:28","modified_gmt":"2024-10-23T12:18:28","slug":"practica","status":"publish","type":"page","link":"https:\/\/aiie.valahia.ro\/index.php\/practica\/","title":{"rendered":"Practic\u0103"},"content":{"rendered":"\n<h3 class=\"wp-block-heading\">Practic\u0103 de domeniu<\/h3>\n\n\n\n<p>Practica de domeniu se va desf\u0103\u0219ura \u00een perioada 24 iunie 2025 &#8211; 14 iulie 2025 (3 s\u0103pt\u0103m\u00e2ni) sub coordonarea \u00eendrum\u0103torilor de an.<\/p>\n\n\n\n<h3 class=\"wp-block-heading\">Practic\u0103 de specialitate<\/h3>\n\n\n\n<p>Practica de specialitate se va desf\u0103\u0219ura \u00een perioada 25 iunie 2025 &#8211; 29 august 2025 (10 s\u0103pt\u0103m\u00e2ni).<\/p>\n\n\n\n<p>Modele de documente:<br><a href=\"https:\/\/aiie.valahia.ro\/wp-content\/uploads\/2021\/06\/Conventie_Practica-2025.doc\">Conven\u021bie practic\u0103<\/a><br><a href=\"https:\/\/aiie.valahia.ro\/wp-content\/uploads\/2021\/06\/Conventie_Cadru_Practica.doc\">Conven\u021bie cadru practic\u0103<\/a><br><a href=\"https:\/\/aiie.valahia.ro\/wp-content\/uploads\/2021\/06\/Atestat_Practica.doc\">Atestat practic\u0103<\/a><br><a href=\"https:\/\/aiie.valahia.ro\/wp-content\/uploads\/2021\/06\/Raport_Practica.doc\">Raport practic\u0103<\/a><\/p>\n\n\n\n<p><\/p>\n","protected":false},"excerpt":{"rendered":"<p>Practic\u0103 de domeniu Practica de domeniu se va desf\u0103\u0219ura \u00een perioada 24 iunie 2025 &#8211; 14 iulie 2025 (3 s\u0103pt\u0103m\u00e2ni) sub coordonarea \u00eendrum\u0103torilor de an. Practic\u0103 de specialitate Practica de specialitate se va desf\u0103\u0219ura \u00een perioada 25 iunie 2025 &#8211; <a href=\"https:\/\/aiie.valahia.ro\/index.php\/practica\/\" class=\"read-more\">Cite\u0219te mai mult &#8230;<\/a><\/p>\n","protected":false},"author":1,"featured_media":0,"parent":0,"menu_order":0,"comment_status":"closed","ping_status":"closed","template":"","meta":{"footnotes":""},"class_list":["post-39","page","type-page","status-publish","hentry"],"_links":{"self":[{"href":"https:\/\/aiie.valahia.ro\/index.php\/wp-json\/wp\/v2\/pages\/39","targetHints":{"allow":["GET"]}}],"collection":[{"href":"https:\/\/aiie.valahia.ro\/index.php\/wp-json\/wp\/v2\/pages"}],"about":[{"href":"https:\/\/aiie.valahia.ro\/index.php\/wp-json\/wp\/v2\/types\/page"}],"author":[{"embeddable":true,"href":"https:\/\/aiie.valahia.ro\/index.php\/wp-json\/wp\/v2\/users\/1"}],"replies":[{"embeddable":true,"href":"https:\/\/aiie.valahia.ro\/index.php\/wp-json\/wp\/v2\/comments?post=39"}],"version-history":[{"count":9,"href":"https:\/\/aiie.valahia.ro\/index.php\/wp-json\/wp\/v2\/pages\/39\/revisions"}],"predecessor-version":[{"id":761,"href":"https:\/\/aiie.valahia.ro\/index.php\/wp-json\/wp\/v2\/pages\/39\/revisions\/761"}],"wp:attachment":[{"href":"https:\/\/aiie.valahia.ro\/index.php\/wp-json\/wp\/v2\/media?parent=39"}],"curies":[{"name":"wp","href":"https:\/\/api.w.org\/{rel}","templated":true}]}}