{"id":69,"date":"2019-11-17T12:16:53","date_gmt":"2019-11-17T12:16:53","guid":{"rendered":"https:\/\/aiie.valahia.ro\/?page_id=69"},"modified":"2024-06-17T11:22:16","modified_gmt":"2024-06-17T08:22:16","slug":"laboratoare","status":"publish","type":"page","link":"https:\/\/aiie.valahia.ro\/index.php\/laboratoare\/","title":{"rendered":"Laboratoare"},"content":{"rendered":"\n<figure class=\"wp-block-gallery has-nested-images columns-default is-cropped wp-block-gallery-1 is-layout-flex wp-block-gallery-is-layout-flex\">\n<figure class=\"wp-block-image size-large\"><img loading=\"lazy\" decoding=\"async\" width=\"1024\" height=\"768\" data-id=\"645\" src=\"https:\/\/aiie.valahia.ro\/wp-content\/uploads\/2024\/06\/IMG-20240617-WA0008-1024x768.jpg\" alt=\"\" class=\"wp-image-645\" srcset=\"https:\/\/aiie.valahia.ro\/wp-content\/uploads\/2024\/06\/IMG-20240617-WA0008-1024x768.jpg 1024w, https:\/\/aiie.valahia.ro\/wp-content\/uploads\/2024\/06\/IMG-20240617-WA0008-300x225.jpg 300w, https:\/\/aiie.valahia.ro\/wp-content\/uploads\/2024\/06\/IMG-20240617-WA0008-768x576.jpg 768w, https:\/\/aiie.valahia.ro\/wp-content\/uploads\/2024\/06\/IMG-20240617-WA0008-1536x1152.jpg 1536w, https:\/\/aiie.valahia.ro\/wp-content\/uploads\/2024\/06\/IMG-20240617-WA0008-360x270.jpg 360w, https:\/\/aiie.valahia.ro\/wp-content\/uploads\/2024\/06\/IMG-20240617-WA0008.jpg 1600w\" sizes=\"auto, (max-width: 1024px) 100vw, 1024px\" \/><figcaption class=\"wp-element-caption\">Laborator A104 &#8211; Identificare, Modelare, Simulare. Instrumenta\u021bie<\/figcaption><\/figure>\n\n\n\n<figure class=\"wp-block-image size-large\"><img loading=\"lazy\" decoding=\"async\" width=\"1024\" height=\"768\" data-id=\"642\" src=\"https:\/\/aiie.valahia.ro\/wp-content\/uploads\/2024\/06\/IMG-20240617-WA0005-1024x768.jpg\" alt=\"\" class=\"wp-image-642\" srcset=\"https:\/\/aiie.valahia.ro\/wp-content\/uploads\/2024\/06\/IMG-20240617-WA0005-1024x768.jpg 1024w, https:\/\/aiie.valahia.ro\/wp-content\/uploads\/2024\/06\/IMG-20240617-WA0005-300x225.jpg 300w, https:\/\/aiie.valahia.ro\/wp-content\/uploads\/2024\/06\/IMG-20240617-WA0005-768x576.jpg 768w, https:\/\/aiie.valahia.ro\/wp-content\/uploads\/2024\/06\/IMG-20240617-WA0005-1536x1152.jpg 1536w, https:\/\/aiie.valahia.ro\/wp-content\/uploads\/2024\/06\/IMG-20240617-WA0005-360x270.jpg 360w, https:\/\/aiie.valahia.ro\/wp-content\/uploads\/2024\/06\/IMG-20240617-WA0005.jpg 1600w\" sizes=\"auto, (max-width: 1024px) 100vw, 1024px\" \/><figcaption class=\"wp-element-caption\">Laborator A105 &#8211; Microprocesoare, Microcontrolere, Automate Programabile<\/figcaption><\/figure>\n<\/figure>\n\n\n\n<figure class=\"wp-block-gallery has-nested-images columns-default is-cropped wp-block-gallery-2 is-layout-flex wp-block-gallery-is-layout-flex\">\n<figure class=\"wp-block-image size-large\"><img loading=\"lazy\" decoding=\"async\" width=\"1024\" height=\"768\" data-id=\"650\" src=\"https:\/\/aiie.valahia.ro\/wp-content\/uploads\/2024\/06\/A107-1024x768.jpg\" alt=\"\" class=\"wp-image-650\" srcset=\"https:\/\/aiie.valahia.ro\/wp-content\/uploads\/2024\/06\/A107-1024x768.jpg 1024w, https:\/\/aiie.valahia.ro\/wp-content\/uploads\/2024\/06\/A107-300x225.jpg 300w, https:\/\/aiie.valahia.ro\/wp-content\/uploads\/2024\/06\/A107-768x576.jpg 768w, https:\/\/aiie.valahia.ro\/wp-content\/uploads\/2024\/06\/A107-360x270.jpg 360w, https:\/\/aiie.valahia.ro\/wp-content\/uploads\/2024\/06\/A107.jpg 1082w\" sizes=\"auto, (max-width: 1024px) 100vw, 1024px\" \/><figcaption class=\"wp-element-caption\">Laborator A107 &#8211; Inginerie Software<\/figcaption><\/figure>\n\n\n\n<figure class=\"wp-block-image size-large\"><img loading=\"lazy\" decoding=\"async\" width=\"1024\" height=\"768\" data-id=\"647\" src=\"https:\/\/aiie.valahia.ro\/wp-content\/uploads\/2024\/06\/IMG-20240617-WA0010-1024x768.jpg\" alt=\"\" class=\"wp-image-647\" srcset=\"https:\/\/aiie.valahia.ro\/wp-content\/uploads\/2024\/06\/IMG-20240617-WA0010-1024x768.jpg 1024w, https:\/\/aiie.valahia.ro\/wp-content\/uploads\/2024\/06\/IMG-20240617-WA0010-300x225.jpg 300w, https:\/\/aiie.valahia.ro\/wp-content\/uploads\/2024\/06\/IMG-20240617-WA0010-768x576.jpg 768w, https:\/\/aiie.valahia.ro\/wp-content\/uploads\/2024\/06\/IMG-20240617-WA0010-1536x1152.jpg 1536w, https:\/\/aiie.valahia.ro\/wp-content\/uploads\/2024\/06\/IMG-20240617-WA0010-360x270.jpg 360w, https:\/\/aiie.valahia.ro\/wp-content\/uploads\/2024\/06\/IMG-20240617-WA0010.jpg 1600w\" sizes=\"auto, (max-width: 1024px) 100vw, 1024px\" \/><figcaption class=\"wp-element-caption\">Laborator A108 &#8211; Electrotehnic\u0103<\/figcaption><\/figure>\n<\/figure>\n\n\n\n<figure class=\"wp-block-gallery has-nested-images columns-default is-cropped wp-block-gallery-3 is-layout-flex wp-block-gallery-is-layout-flex\">\n<figure class=\"wp-block-image size-large\"><img loading=\"lazy\" decoding=\"async\" width=\"1024\" height=\"768\" data-id=\"638\" src=\"https:\/\/aiie.valahia.ro\/wp-content\/uploads\/2024\/06\/IMG-20240617-WA0002-1024x768.jpg\" alt=\"\" class=\"wp-image-638\" srcset=\"https:\/\/aiie.valahia.ro\/wp-content\/uploads\/2024\/06\/IMG-20240617-WA0002-1024x768.jpg 1024w, https:\/\/aiie.valahia.ro\/wp-content\/uploads\/2024\/06\/IMG-20240617-WA0002-300x225.jpg 300w, https:\/\/aiie.valahia.ro\/wp-content\/uploads\/2024\/06\/IMG-20240617-WA0002-768x576.jpg 768w, https:\/\/aiie.valahia.ro\/wp-content\/uploads\/2024\/06\/IMG-20240617-WA0002-1536x1152.jpg 1536w, https:\/\/aiie.valahia.ro\/wp-content\/uploads\/2024\/06\/IMG-20240617-WA0002-360x270.jpg 360w, https:\/\/aiie.valahia.ro\/wp-content\/uploads\/2024\/06\/IMG-20240617-WA0002.jpg 1600w\" sizes=\"auto, (max-width: 1024px) 100vw, 1024px\" \/><figcaption class=\"wp-element-caption\">Laborator A110 &#8211; Conducerea Automat\u0103 a Proceselor. Automatiz\u0103ri Industriale<\/figcaption><\/figure>\n\n\n\n<figure class=\"wp-block-image size-large\"><img loading=\"lazy\" decoding=\"async\" width=\"1024\" height=\"768\" data-id=\"643\" src=\"https:\/\/aiie.valahia.ro\/wp-content\/uploads\/2024\/06\/IMG-20240617-WA0006-1024x768.jpg\" alt=\"\" class=\"wp-image-643\" srcset=\"https:\/\/aiie.valahia.ro\/wp-content\/uploads\/2024\/06\/IMG-20240617-WA0006-1024x768.jpg 1024w, https:\/\/aiie.valahia.ro\/wp-content\/uploads\/2024\/06\/IMG-20240617-WA0006-300x225.jpg 300w, https:\/\/aiie.valahia.ro\/wp-content\/uploads\/2024\/06\/IMG-20240617-WA0006-768x576.jpg 768w, https:\/\/aiie.valahia.ro\/wp-content\/uploads\/2024\/06\/IMG-20240617-WA0006-1536x1152.jpg 1536w, https:\/\/aiie.valahia.ro\/wp-content\/uploads\/2024\/06\/IMG-20240617-WA0006-360x270.jpg 360w, https:\/\/aiie.valahia.ro\/wp-content\/uploads\/2024\/06\/IMG-20240617-WA0006.jpg 1600w\" sizes=\"auto, (max-width: 1024px) 100vw, 1024px\" \/><figcaption class=\"wp-element-caption\">Laborator A112 &#8211; Informatic\u0103 Aplicat\u0103<\/figcaption><\/figure>\n<\/figure>\n\n\n\n<figure class=\"wp-block-gallery has-nested-images columns-default is-cropped wp-block-gallery-4 is-layout-flex wp-block-gallery-is-layout-flex\">\n<figure class=\"wp-block-image size-large is-style-default\"><img loading=\"lazy\" decoding=\"async\" width=\"1024\" height=\"768\" data-id=\"637\" src=\"https:\/\/aiie.valahia.ro\/wp-content\/uploads\/2024\/06\/IMG-20240617-WA0001-1024x768.jpg\" alt=\"\" class=\"wp-image-637\" srcset=\"https:\/\/aiie.valahia.ro\/wp-content\/uploads\/2024\/06\/IMG-20240617-WA0001-1024x768.jpg 1024w, https:\/\/aiie.valahia.ro\/wp-content\/uploads\/2024\/06\/IMG-20240617-WA0001-300x225.jpg 300w, https:\/\/aiie.valahia.ro\/wp-content\/uploads\/2024\/06\/IMG-20240617-WA0001-768x576.jpg 768w, https:\/\/aiie.valahia.ro\/wp-content\/uploads\/2024\/06\/IMG-20240617-WA0001-1536x1152.jpg 1536w, https:\/\/aiie.valahia.ro\/wp-content\/uploads\/2024\/06\/IMG-20240617-WA0001-360x270.jpg 360w, https:\/\/aiie.valahia.ro\/wp-content\/uploads\/2024\/06\/IMG-20240617-WA0001.jpg 1600w\" sizes=\"auto, (max-width: 1024px) 100vw, 1024px\" \/><figcaption class=\"wp-element-caption\">Laborator A114 &#8211; Modelare Numeric\u0103 \u00een Inginerie Electric\u0103<\/figcaption><\/figure>\n\n\n\n<figure class=\"wp-block-image size-large\"><img loading=\"lazy\" decoding=\"async\" width=\"1024\" height=\"768\" data-id=\"640\" src=\"https:\/\/aiie.valahia.ro\/wp-content\/uploads\/2024\/06\/IMG-20240617-WA0003-1-1024x768.jpg\" alt=\"\" class=\"wp-image-640\" srcset=\"https:\/\/aiie.valahia.ro\/wp-content\/uploads\/2024\/06\/IMG-20240617-WA0003-1-1024x768.jpg 1024w, https:\/\/aiie.valahia.ro\/wp-content\/uploads\/2024\/06\/IMG-20240617-WA0003-1-300x225.jpg 300w, https:\/\/aiie.valahia.ro\/wp-content\/uploads\/2024\/06\/IMG-20240617-WA0003-1-768x576.jpg 768w, https:\/\/aiie.valahia.ro\/wp-content\/uploads\/2024\/06\/IMG-20240617-WA0003-1-1536x1152.jpg 1536w, https:\/\/aiie.valahia.ro\/wp-content\/uploads\/2024\/06\/IMG-20240617-WA0003-1-360x270.jpg 360w, https:\/\/aiie.valahia.ro\/wp-content\/uploads\/2024\/06\/IMG-20240617-WA0003-1.jpg 1600w\" sizes=\"auto, (max-width: 1024px) 100vw, 1024px\" \/><figcaption class=\"wp-element-caption\">Laborator A118 &#8211; Informatic\u0103 General\u0103<\/figcaption><\/figure>\n<\/figure>\n\n\n\n<figure class=\"wp-block-gallery has-nested-images columns-default is-cropped wp-block-gallery-5 is-layout-flex wp-block-gallery-is-layout-flex\">\n<figure class=\"wp-block-image size-large\"><img loading=\"lazy\" decoding=\"async\" width=\"1024\" height=\"768\" data-id=\"641\" src=\"https:\/\/aiie.valahia.ro\/wp-content\/uploads\/2024\/06\/IMG-20240617-WA0004-1024x768.jpg\" alt=\"\" class=\"wp-image-641\" srcset=\"https:\/\/aiie.valahia.ro\/wp-content\/uploads\/2024\/06\/IMG-20240617-WA0004-1024x768.jpg 1024w, https:\/\/aiie.valahia.ro\/wp-content\/uploads\/2024\/06\/IMG-20240617-WA0004-300x225.jpg 300w, https:\/\/aiie.valahia.ro\/wp-content\/uploads\/2024\/06\/IMG-20240617-WA0004-768x576.jpg 768w, https:\/\/aiie.valahia.ro\/wp-content\/uploads\/2024\/06\/IMG-20240617-WA0004-1536x1152.jpg 1536w, https:\/\/aiie.valahia.ro\/wp-content\/uploads\/2024\/06\/IMG-20240617-WA0004-360x270.jpg 360w, https:\/\/aiie.valahia.ro\/wp-content\/uploads\/2024\/06\/IMG-20240617-WA0004.jpg 1600w\" sizes=\"auto, (max-width: 1024px) 100vw, 1024px\" \/><figcaption class=\"wp-element-caption\">Laborator A119 &#8211; Tehnologii Multimedia \u0219i e-Educa\u021bie<\/figcaption><\/figure>\n\n\n\n<figure class=\"wp-block-image size-large\"><img loading=\"lazy\" decoding=\"async\" width=\"1024\" height=\"768\" data-id=\"646\" src=\"https:\/\/aiie.valahia.ro\/wp-content\/uploads\/2024\/06\/IMG-20240617-WA0009-1024x768.jpg\" alt=\"\" class=\"wp-image-646\" srcset=\"https:\/\/aiie.valahia.ro\/wp-content\/uploads\/2024\/06\/IMG-20240617-WA0009-1024x768.jpg 1024w, https:\/\/aiie.valahia.ro\/wp-content\/uploads\/2024\/06\/IMG-20240617-WA0009-300x225.jpg 300w, https:\/\/aiie.valahia.ro\/wp-content\/uploads\/2024\/06\/IMG-20240617-WA0009-768x576.jpg 768w, https:\/\/aiie.valahia.ro\/wp-content\/uploads\/2024\/06\/IMG-20240617-WA0009-1536x1152.jpg 1536w, https:\/\/aiie.valahia.ro\/wp-content\/uploads\/2024\/06\/IMG-20240617-WA0009-360x270.jpg 360w, https:\/\/aiie.valahia.ro\/wp-content\/uploads\/2024\/06\/IMG-20240617-WA0009.jpg 1600w\" sizes=\"auto, (max-width: 1024px) 100vw, 1024px\" \/><figcaption class=\"wp-element-caption\">Laborator A120 &#8211; Materiale Electrotehnice<\/figcaption><\/figure>\n<\/figure>\n","protected":false},"excerpt":{"rendered":"","protected":false},"author":1,"featured_media":0,"parent":0,"menu_order":0,"comment_status":"closed","ping_status":"closed","template":"","meta":{"footnotes":""},"class_list":["post-69","page","type-page","status-publish","hentry"],"_links":{"self":[{"href":"https:\/\/aiie.valahia.ro\/index.php\/wp-json\/wp\/v2\/pages\/69","targetHints":{"allow":["GET"]}}],"collection":[{"href":"https:\/\/aiie.valahia.ro\/index.php\/wp-json\/wp\/v2\/pages"}],"about":[{"href":"https:\/\/aiie.valahia.ro\/index.php\/wp-json\/wp\/v2\/types\/page"}],"author":[{"embeddable":true,"href":"https:\/\/aiie.valahia.ro\/index.php\/wp-json\/wp\/v2\/users\/1"}],"replies":[{"embeddable":true,"href":"https:\/\/aiie.valahia.ro\/index.php\/wp-json\/wp\/v2\/comments?post=69"}],"version-history":[{"count":4,"href":"https:\/\/aiie.valahia.ro\/index.php\/wp-json\/wp\/v2\/pages\/69\/revisions"}],"predecessor-version":[{"id":653,"href":"https:\/\/aiie.valahia.ro\/index.php\/wp-json\/wp\/v2\/pages\/69\/revisions\/653"}],"wp:attachment":[{"href":"https:\/\/aiie.valahia.ro\/index.php\/wp-json\/wp\/v2\/media?parent=69"}],"curies":[{"name":"wp","href":"https:\/\/api.w.org\/{rel}","templated":true}]}}