{"id":785,"date":"2025-05-28T16:33:53","date_gmt":"2025-05-28T13:33:53","guid":{"rendered":"https:\/\/aiie.valahia.ro\/?page_id=785"},"modified":"2025-10-23T10:50:08","modified_gmt":"2025-10-23T07:50:08","slug":"caia-2025","status":"publish","type":"page","link":"https:\/\/aiie.valahia.ro\/index.php\/caia-2025\/","title":{"rendered":"CAIA 2025"},"content":{"rendered":"\n<figure class=\"wp-block-image size-large is-resized\"><img loading=\"lazy\" decoding=\"async\" width=\"1024\" height=\"493\" src=\"https:\/\/aiie.valahia.ro\/wp-content\/uploads\/2025\/05\/Logo-1024x493.png\" alt=\"\" class=\"wp-image-788\" style=\"width:312px;height:auto\" srcset=\"https:\/\/aiie.valahia.ro\/wp-content\/uploads\/2025\/05\/Logo-1024x493.png 1024w, https:\/\/aiie.valahia.ro\/wp-content\/uploads\/2025\/05\/Logo-300x145.png 300w, https:\/\/aiie.valahia.ro\/wp-content\/uploads\/2025\/05\/Logo-768x370.png 768w, https:\/\/aiie.valahia.ro\/wp-content\/uploads\/2025\/05\/Logo-1536x740.png 1536w, https:\/\/aiie.valahia.ro\/wp-content\/uploads\/2025\/05\/Logo-2048x987.png 2048w, https:\/\/aiie.valahia.ro\/wp-content\/uploads\/2025\/05\/Logo-360x173.png 360w\" sizes=\"auto, (max-width: 1024px) 100vw, 1024px\" \/><\/figure>\n\n\n\n<p><a href=\"https:\/\/aiie.valahia.ro\/wp-content\/uploads\/2025\/06\/Program-CAIA-2025.pdf\">PROGRAM CAIA 2025<\/a><\/p>\n\n\n\n<p class=\"has-text-align-left\">Cea de-<strong>a VI-a edi\u021bie<\/strong> a Sesiunii de Comunic\u0103ri \u0218tin\u021bifice Studen\u021be\u0219ti <strong>\u201dControl Automatizat \u0219i Informatic\u0103 Aplicat\u0103 \u00een procese de laborator \u0219i industriale\u201d \u2013 CAIA 2025<\/strong>, organizat\u0103 de Departamentul de Automatic\u0103, Informatic\u0103 \u0219i Inginerie Electric\u0103 (DAIIE) din Universitatea Valahia din T\u00e2rgovi\u0219te (UVT), este destinat\u0103 studen\u021bilor din ciclurile de licen\u021b\u0103, masterat \u0219i doctorat din domeniile: <strong>Ingineria Sistemelor<\/strong> \u0219i <strong>Inginerie Electric\u0103<\/strong>.<\/p>\n\n\n\n<p class=\"has-text-align-left\">\u00cen cadrul manifest\u0103rii se vor prezenta lucr\u0103ri teoretice \u0219i practice din ariile tematice: automatiz\u0103ri ale proceselor industriale \u0219i de laborator, robotic\u0103,&nbsp;informatic\u0103 aplicat\u0103, inginerie electric\u0103 \u0219i surse regenerabile.<\/p>\n\n\n\n<p class=\"has-text-align-left\">\u00cen acela\u0219i timp se va derula \u0219i cea de-<strong>a XVIII-a edi\u021bie<\/strong> a Concursului tematic \u0219tiin\u021bific studen\u021besc \u201e<strong>ROBO\u0162I \u00ceN AC\u0162IUNE<\/strong>\u201d.<\/p>\n\n\n\n<p class=\"has-text-align-left\">Sesiunea de comunic\u0103ri \u0219tiin\u021bifice studen\u021be\u0219ti va include <strong>dou\u0103 sec\u021biuni principale<\/strong>: <\/p>\n\n\n\n<ul class=\"wp-block-list\">\n<li>sec\u021biunea <strong>juniori <\/strong>(se adreseaz\u0103 studen\u021bilor din ciclul licen\u021b\u0103)<\/li>\n\n\n\n<li>sec\u021biunea <strong>seniori <\/strong>(se adreseaz\u0103 studen\u021bilor din ciclul master\/doctorat)<\/li>\n<\/ul>\n\n\n\n<p class=\"has-text-align-left\">\u00cen cadrul fiec\u0103reia dintre cele dou\u0103 sec\u021biuni <strong>vor fi premiate cele mai bune lucr\u0103ri (trei per sec\u021biune)<\/strong>.<\/p>\n\n\n\n<p>Forme de prezentare a lucr\u0103rilor:<\/p>\n\n\n\n<ul class=\"wp-block-list\">\n<li>Prezentare oral\u0103 (juniori \u0219i seniori)<\/li>\n\n\n\n<li>Poster (seniori)<\/li>\n<\/ul>\n\n\n\n<p>Data: 6 iunie, 2025, ora 9:00<\/p>\n\n\n\n<p>Loca\u021bia: Biblioteca ICSTM, et. 2, Campus UVT (Str. Aleea Sinaia, nr. 13, 130004 Targoviste, Dambovita)<\/p>\n\n\n\n<p><\/p>\n\n\n\n<h2 class=\"wp-block-heading\"><strong>Formular de \u00eenscriere<\/strong><\/h2>\n\n\n\n<p><a href=\"https:\/\/forms.gle\/XC3mkZPV2UQyvraT9\">https:\/\/forms.gle\/XC3mkZPV2UQyvraT9<\/a><\/p>\n\n\n\n<figure class=\"wp-block-image size-large is-resized\"><img loading=\"lazy\" decoding=\"async\" width=\"1024\" height=\"1024\" src=\"https:\/\/aiie.valahia.ro\/wp-content\/uploads\/2025\/05\/qr-code_Formular_inscriere_2025-1024x1024.png\" alt=\"\" class=\"wp-image-790\" style=\"width:193px;height:auto\" srcset=\"https:\/\/aiie.valahia.ro\/wp-content\/uploads\/2025\/05\/qr-code_Formular_inscriere_2025-1024x1024.png 1024w, https:\/\/aiie.valahia.ro\/wp-content\/uploads\/2025\/05\/qr-code_Formular_inscriere_2025-300x300.png 300w, https:\/\/aiie.valahia.ro\/wp-content\/uploads\/2025\/05\/qr-code_Formular_inscriere_2025-150x150.png 150w, https:\/\/aiie.valahia.ro\/wp-content\/uploads\/2025\/05\/qr-code_Formular_inscriere_2025-768x768.png 768w, https:\/\/aiie.valahia.ro\/wp-content\/uploads\/2025\/05\/qr-code_Formular_inscriere_2025-1536x1536.png 1536w, https:\/\/aiie.valahia.ro\/wp-content\/uploads\/2025\/05\/qr-code_Formular_inscriere_2025-2048x2048.png 2048w, https:\/\/aiie.valahia.ro\/wp-content\/uploads\/2025\/05\/qr-code_Formular_inscriere_2025-270x270.png 270w\" sizes=\"auto, (max-width: 1024px) 100vw, 1024px\" \/><\/figure>\n\n\n\n<h2 class=\"wp-block-heading\"><strong>Domenii \u0219i direc\u021bii \u0219tiin\u021bifice<\/strong><\/h2>\n\n\n\n<div class=\"wp-block-columns is-layout-flex wp-container-core-columns-is-layout-9d6595d7 wp-block-columns-is-layout-flex\">\n<div class=\"wp-block-column is-layout-flow wp-block-column-is-layout-flow\">\n<p># <em>Automatic\u0103<\/em><\/p>\n\n\n\n<ul class=\"wp-block-list\">\n<li>Proiectarea sistemelor liniare \u0219i neliniare<\/li>\n\n\n\n<li>Controlul avansat al proceselor<\/li>\n\n\n\n<li>Robotic\u0103 \u0219i control inteligent<\/li>\n\n\n\n<li>Aplica\u021bii \u0219i studii de caz \u00een automatizare \u0219i robotic\u0103<\/li>\n\n\n\n<li>Sisteme integrate<\/li>\n\n\n\n<li>Aplica\u021bii de timp real<\/li>\n\n\n\n<li>Sisteme cu microprocesor<\/li>\n<\/ul>\n\n\n\n<p># <em>Informatic\u0103 Aplicat\u0103<\/em><\/p>\n\n\n\n<ul class=\"wp-block-list\">\n<li>Inginerie Software<\/li>\n\n\n\n<li>Baze de date, programe \u0219i sisteme expert<\/li>\n\n\n\n<li>Servicii Web<\/li>\n\n\n\n<li>Securitatea sistemelor informatice<\/li>\n\n\n\n<li>Inteligen\u021b\u0103 artificial\u0103<\/li>\n\n\n\n<li>Realitate virtual\u0103 \u0219i realitate augmentat\u0103<\/li>\n<\/ul>\n<\/div>\n\n\n\n<div class=\"wp-block-column is-layout-flow wp-block-column-is-layout-flow\">\n<p># <em>Tehnologii<\/em> <em>moderne \u00een ingineria electric\u0103<\/em><\/p>\n\n\n\n<ul class=\"wp-block-list\">\n<li>Convertoare electromecanice<\/li>\n\n\n\n<li>Echipamente \u0219i instala\u021bii electrice<\/li>\n\n\n\n<li>Ma\u0219ini electrice neconven\u021bionale<\/li>\n\n\n\n<li>Echipamente de comuta\u021bie inteligente<\/li>\n\n\n\n<li>Electrotehnologii<\/li>\n\n\n\n<li>Sisteme electroluminoase \u0219i iluminat electric<\/li>\n\n\n\n<li>Transmiterea wireless a energiei electromagnetice<\/li>\n\n\n\n<li>Modelarea electromagnetic\u0103 \u0219i termic\u0103&nbsp; a sistemelor electrice<\/li>\n<\/ul>\n\n\n\n<p># <em>Generarea energiei electrice din surse regenerabile \u0219i nepoluante<\/em><\/p>\n\n\n\n<ul class=\"wp-block-list\">\n<li>Surse regenerabile de energie<\/li>\n\n\n\n<li>Proiectarea sistemelor cu surse regenerabile<\/li>\n\n\n\n<li>Microtehnologii utilizate \u00een domeniul energiei solare<\/li>\n\n\n\n<li>Sisteme fotovoltaice<\/li>\n\n\n\n<li>Sisteme termoelectrice aplicate<\/li>\n<\/ul>\n<\/div>\n<\/div>\n\n\n\n<div class=\"wp-block-columns is-layout-flex wp-container-core-columns-is-layout-9d6595d7 wp-block-columns-is-layout-flex\">\n<div class=\"wp-block-column is-layout-flow wp-block-column-is-layout-flow\">\n<h2 class=\"wp-block-heading\"><strong>Comitetul \u0219tiin\u021bific<\/strong><\/h2>\n\n\n\n<ul class=\"wp-block-list\">\n<li>Prof.dr.ing. Florin DRAGOMIR<\/li>\n\n\n\n<li>Prof.dr.ing. Lumini\u021ba DU\u021a\u0102<\/li>\n\n\n\n<li>Prof.dr.ing. Eugenia MINC\u0102<\/li>\n\n\n\n<li>Prof.dr.ing. Mihail-Florin STAN<\/li>\n\n\n\n<li>Conf.dr.ing. Mihai B\u00ceZOI<\/li>\n\n\n\n<li>Conf.dr.ing. Otilia Elena DRAGOMIR<\/li>\n\n\n\n<li>Conf.dr.ing. Adela Gabriela HUSU<\/li>\n\n\n\n<li>Conf.dr.ing. Paul Ciprian PATIC<\/li>\n\n\n\n<li>Conf.dr.ing. Ana Maria SUDUC<\/li>\n\n\n\n<li>Conf.dr.ing. Elena Otilia V\u00ceRJOGHE<\/li>\n\n\n\n<li>\u0218.l.dr.ing. Iulian B\u0102NCU\u021a\u0102<\/li>\n\n\n\n<li>\u0218.l.dr.ing. Cosmin COBIANU<\/li>\n\n\n\n<li>\u0218.l.dr.ing. Lucia PASCALE<\/li>\n<\/ul>\n<\/div>\n\n\n\n<div class=\"wp-block-column is-layout-flow wp-block-column-is-layout-flow\">\n<h2 class=\"wp-block-heading\"><strong>Comitetul <\/strong>de organizare<\/h2>\n\n\n\n<ul class=\"wp-block-list\">\n<li>Conf.dr.ing. Ana Maria SUDUC<\/li>\n\n\n\n<li>Conf.dr.ing. Mihai B\u00ceZOI<\/li>\n\n\n\n<li>Conf.dr.ing. Paul Ciprian PATIC<\/li>\n<\/ul>\n<\/div>\n<\/div>\n\n\n\n<h2 class=\"wp-block-heading\">Premii<\/h2>\n\n\n\n<div class=\"wp-block-columns is-layout-flex wp-container-core-columns-is-layout-9d6595d7 wp-block-columns-is-layout-flex\">\n<div class=\"wp-block-column is-layout-flow wp-block-column-is-layout-flow\">\n<h2 class=\"wp-block-heading\">Sec\u021biunea juniori<\/h2>\n\n\n\n<ul class=\"wp-block-list\">\n<li><strong>Premiul I &#8211; CHIVU Radu Florian<\/strong>, Automatic\u0103 \u0219i Informatic\u0103 Aplicat\u0103, Anul IV, Lucrarea: Detectarea automat\u0103 a semnelor de circula\u021bie<\/li>\n\n\n\n<li><strong>Premiul II &#8211; CUCU Flavius<\/strong>, Automatic\u0103 \u0219i Informatic\u0103 Aplicat\u0103, Anul IV, Lucrarea: Solu\u021bii alternative pentru controlul debitului de aer \u00eentr-o instala\u021bie de laborator, dedicat\u0103 pozi\u021bion\u0103rii precise<\/li>\n\n\n\n<li><strong>Premiul III &#8211; LOBODAN Bogdan-Alexandru<\/strong>, Automatic\u0103 \u0219i Informatic\u0103 Aplicat\u0103, Anul IV, Lucrarea: Platform\u0103 interactiv\u0103 pentru automatizarea procesului de comand\u0103 \u00een restaurante<\/li>\n<\/ul>\n<\/div>\n\n\n\n<div class=\"wp-block-column is-layout-flow wp-block-column-is-layout-flow\">\n<h2 class=\"wp-block-heading\">Sec\u021biunea seniori<\/h2>\n\n\n\n<ul class=\"wp-block-list\">\n<li><strong>Premiul I &#8211; <strong>ZAMFIROIU George Sebastian<\/strong><\/strong>, Automatic\u0103 Avansat\u0103, Productic\u0103 \u0219i Informatic\u0103 Aplicat\u0103, Anul I, Lucrarea: Evaluarea securit\u0103\u021bii serviciilor cloud prin simularea atacurilor \u00eentr-un mediu controlat<\/li>\n\n\n\n<li><strong>Premiul II &#8211; <strong>OPRICA Ion<\/strong><\/strong>, Automatic\u0103 Avansat\u0103, Productic\u0103 \u0219i Informatic\u0103 Aplicat\u0103, Anul I, Lucrarea: Utilizarea AI \u00een analiza \u0219i interpretarea limbajului semnelor rom\u00e2nesc<\/li>\n\n\n\n<li><strong>Premiul III &#8211; <strong><strong>NIDELEA<\/strong><\/strong><\/strong> <strong><strong>Mihai<\/strong><\/strong>, Sisteme \u0219i Echipamente Moderne \u00een Producerea \u0219i Utilizarea Energiei, Anul II, Lucrarea: Exportul energiei electrice produse local, regimul de prosumator \u00een Rom\u00e2nia<\/li>\n<\/ul>\n<\/div>\n<\/div>\n\n\n\n<figure class=\"wp-block-gallery has-nested-images columns-default is-cropped wp-block-gallery-1 is-layout-flex wp-block-gallery-is-layout-flex\">\n<figure class=\"wp-block-image size-large\"><img loading=\"lazy\" decoding=\"async\" width=\"1024\" height=\"768\" data-id=\"861\" src=\"https:\/\/aiie.valahia.ro\/wp-content\/uploads\/2025\/10\/IMG_1084-1024x768.jpeg\" alt=\"\" class=\"wp-image-861\" srcset=\"https:\/\/aiie.valahia.ro\/wp-content\/uploads\/2025\/10\/IMG_1084-1024x768.jpeg 1024w, https:\/\/aiie.valahia.ro\/wp-content\/uploads\/2025\/10\/IMG_1084-300x225.jpeg 300w, https:\/\/aiie.valahia.ro\/wp-content\/uploads\/2025\/10\/IMG_1084-768x576.jpeg 768w, https:\/\/aiie.valahia.ro\/wp-content\/uploads\/2025\/10\/IMG_1084-1536x1152.jpeg 1536w, https:\/\/aiie.valahia.ro\/wp-content\/uploads\/2025\/10\/IMG_1084-360x270.jpeg 360w, https:\/\/aiie.valahia.ro\/wp-content\/uploads\/2025\/10\/IMG_1084.jpeg 2048w\" sizes=\"auto, (max-width: 1024px) 100vw, 1024px\" \/><\/figure>\n\n\n\n<figure class=\"wp-block-image size-large\"><img loading=\"lazy\" decoding=\"async\" width=\"1024\" height=\"768\" data-id=\"860\" src=\"https:\/\/aiie.valahia.ro\/wp-content\/uploads\/2025\/10\/IMG_1086-1024x768.jpeg\" alt=\"\" class=\"wp-image-860\" srcset=\"https:\/\/aiie.valahia.ro\/wp-content\/uploads\/2025\/10\/IMG_1086-1024x768.jpeg 1024w, https:\/\/aiie.valahia.ro\/wp-content\/uploads\/2025\/10\/IMG_1086-300x225.jpeg 300w, https:\/\/aiie.valahia.ro\/wp-content\/uploads\/2025\/10\/IMG_1086-768x576.jpeg 768w, https:\/\/aiie.valahia.ro\/wp-content\/uploads\/2025\/10\/IMG_1086-1536x1152.jpeg 1536w, https:\/\/aiie.valahia.ro\/wp-content\/uploads\/2025\/10\/IMG_1086-360x270.jpeg 360w, https:\/\/aiie.valahia.ro\/wp-content\/uploads\/2025\/10\/IMG_1086.jpeg 2048w\" sizes=\"auto, (max-width: 1024px) 100vw, 1024px\" \/><\/figure>\n\n\n\n<figure class=\"wp-block-image size-large\"><img loading=\"lazy\" decoding=\"async\" width=\"1024\" height=\"768\" data-id=\"862\" src=\"https:\/\/aiie.valahia.ro\/wp-content\/uploads\/2025\/10\/IMG_1087-1024x768.jpeg\" alt=\"\" class=\"wp-image-862\" srcset=\"https:\/\/aiie.valahia.ro\/wp-content\/uploads\/2025\/10\/IMG_1087-1024x768.jpeg 1024w, https:\/\/aiie.valahia.ro\/wp-content\/uploads\/2025\/10\/IMG_1087-300x225.jpeg 300w, https:\/\/aiie.valahia.ro\/wp-content\/uploads\/2025\/10\/IMG_1087-768x576.jpeg 768w, https:\/\/aiie.valahia.ro\/wp-content\/uploads\/2025\/10\/IMG_1087-1536x1152.jpeg 1536w, https:\/\/aiie.valahia.ro\/wp-content\/uploads\/2025\/10\/IMG_1087-360x270.jpeg 360w, https:\/\/aiie.valahia.ro\/wp-content\/uploads\/2025\/10\/IMG_1087.jpeg 2048w\" sizes=\"auto, (max-width: 1024px) 100vw, 1024px\" \/><\/figure>\n\n\n\n<figure class=\"wp-block-image size-large\"><img loading=\"lazy\" decoding=\"async\" width=\"1024\" height=\"768\" data-id=\"858\" src=\"https:\/\/aiie.valahia.ro\/wp-content\/uploads\/2025\/10\/IMG_1095-1024x768.jpeg\" alt=\"\" class=\"wp-image-858\" srcset=\"https:\/\/aiie.valahia.ro\/wp-content\/uploads\/2025\/10\/IMG_1095-1024x768.jpeg 1024w, https:\/\/aiie.valahia.ro\/wp-content\/uploads\/2025\/10\/IMG_1095-300x225.jpeg 300w, https:\/\/aiie.valahia.ro\/wp-content\/uploads\/2025\/10\/IMG_1095-768x576.jpeg 768w, https:\/\/aiie.valahia.ro\/wp-content\/uploads\/2025\/10\/IMG_1095-1536x1152.jpeg 1536w, https:\/\/aiie.valahia.ro\/wp-content\/uploads\/2025\/10\/IMG_1095-360x270.jpeg 360w, https:\/\/aiie.valahia.ro\/wp-content\/uploads\/2025\/10\/IMG_1095.jpeg 2048w\" sizes=\"auto, (max-width: 1024px) 100vw, 1024px\" \/><\/figure>\n\n\n\n<figure class=\"wp-block-image size-large\"><img loading=\"lazy\" decoding=\"async\" width=\"1024\" height=\"768\" data-id=\"859\" src=\"https:\/\/aiie.valahia.ro\/wp-content\/uploads\/2025\/10\/IMG_1069-1024x768.jpeg\" alt=\"\" class=\"wp-image-859\" srcset=\"https:\/\/aiie.valahia.ro\/wp-content\/uploads\/2025\/10\/IMG_1069-1024x768.jpeg 1024w, https:\/\/aiie.valahia.ro\/wp-content\/uploads\/2025\/10\/IMG_1069-300x225.jpeg 300w, https:\/\/aiie.valahia.ro\/wp-content\/uploads\/2025\/10\/IMG_1069-768x576.jpeg 768w, https:\/\/aiie.valahia.ro\/wp-content\/uploads\/2025\/10\/IMG_1069-1536x1152.jpeg 1536w, https:\/\/aiie.valahia.ro\/wp-content\/uploads\/2025\/10\/IMG_1069-360x270.jpeg 360w, https:\/\/aiie.valahia.ro\/wp-content\/uploads\/2025\/10\/IMG_1069.jpeg 2048w\" sizes=\"auto, (max-width: 1024px) 100vw, 1024px\" \/><\/figure>\n\n\n\n<figure class=\"wp-block-image size-large\"><img loading=\"lazy\" decoding=\"async\" width=\"1024\" height=\"768\" data-id=\"863\" src=\"https:\/\/aiie.valahia.ro\/wp-content\/uploads\/2025\/10\/IMG_1070-1024x768.jpeg\" alt=\"\" class=\"wp-image-863\" srcset=\"https:\/\/aiie.valahia.ro\/wp-content\/uploads\/2025\/10\/IMG_1070-1024x768.jpeg 1024w, https:\/\/aiie.valahia.ro\/wp-content\/uploads\/2025\/10\/IMG_1070-300x225.jpeg 300w, https:\/\/aiie.valahia.ro\/wp-content\/uploads\/2025\/10\/IMG_1070-768x576.jpeg 768w, https:\/\/aiie.valahia.ro\/wp-content\/uploads\/2025\/10\/IMG_1070-1536x1152.jpeg 1536w, https:\/\/aiie.valahia.ro\/wp-content\/uploads\/2025\/10\/IMG_1070-360x270.jpeg 360w, https:\/\/aiie.valahia.ro\/wp-content\/uploads\/2025\/10\/IMG_1070.jpeg 2048w\" sizes=\"auto, (max-width: 1024px) 100vw, 1024px\" \/><\/figure>\n\n\n\n<figure class=\"wp-block-image size-large\"><img loading=\"lazy\" decoding=\"async\" width=\"1024\" height=\"768\" data-id=\"864\" src=\"https:\/\/aiie.valahia.ro\/wp-content\/uploads\/2025\/10\/IMG_1074-1024x768.jpeg\" alt=\"\" class=\"wp-image-864\" srcset=\"https:\/\/aiie.valahia.ro\/wp-content\/uploads\/2025\/10\/IMG_1074-1024x768.jpeg 1024w, https:\/\/aiie.valahia.ro\/wp-content\/uploads\/2025\/10\/IMG_1074-300x225.jpeg 300w, https:\/\/aiie.valahia.ro\/wp-content\/uploads\/2025\/10\/IMG_1074-768x576.jpeg 768w, https:\/\/aiie.valahia.ro\/wp-content\/uploads\/2025\/10\/IMG_1074-1536x1152.jpeg 1536w, https:\/\/aiie.valahia.ro\/wp-content\/uploads\/2025\/10\/IMG_1074-360x270.jpeg 360w, https:\/\/aiie.valahia.ro\/wp-content\/uploads\/2025\/10\/IMG_1074.jpeg 2048w\" sizes=\"auto, (max-width: 1024px) 100vw, 1024px\" \/><\/figure>\n\n\n\n<figure class=\"wp-block-image size-large\"><img loading=\"lazy\" decoding=\"async\" width=\"1024\" height=\"768\" data-id=\"865\" src=\"https:\/\/aiie.valahia.ro\/wp-content\/uploads\/2025\/10\/IMG_1076-1024x768.jpeg\" alt=\"\" class=\"wp-image-865\" srcset=\"https:\/\/aiie.valahia.ro\/wp-content\/uploads\/2025\/10\/IMG_1076-1024x768.jpeg 1024w, https:\/\/aiie.valahia.ro\/wp-content\/uploads\/2025\/10\/IMG_1076-300x225.jpeg 300w, https:\/\/aiie.valahia.ro\/wp-content\/uploads\/2025\/10\/IMG_1076-768x576.jpeg 768w, https:\/\/aiie.valahia.ro\/wp-content\/uploads\/2025\/10\/IMG_1076-1536x1152.jpeg 1536w, https:\/\/aiie.valahia.ro\/wp-content\/uploads\/2025\/10\/IMG_1076-360x270.jpeg 360w, https:\/\/aiie.valahia.ro\/wp-content\/uploads\/2025\/10\/IMG_1076.jpeg 2048w\" sizes=\"auto, (max-width: 1024px) 100vw, 1024px\" \/><\/figure>\n\n\n\n<figure class=\"wp-block-image size-large\"><img loading=\"lazy\" decoding=\"async\" width=\"1024\" height=\"768\" data-id=\"866\" src=\"https:\/\/aiie.valahia.ro\/wp-content\/uploads\/2025\/10\/IMG_1082-1024x768.jpeg\" alt=\"\" class=\"wp-image-866\" srcset=\"https:\/\/aiie.valahia.ro\/wp-content\/uploads\/2025\/10\/IMG_1082-1024x768.jpeg 1024w, https:\/\/aiie.valahia.ro\/wp-content\/uploads\/2025\/10\/IMG_1082-300x225.jpeg 300w, https:\/\/aiie.valahia.ro\/wp-content\/uploads\/2025\/10\/IMG_1082-768x576.jpeg 768w, https:\/\/aiie.valahia.ro\/wp-content\/uploads\/2025\/10\/IMG_1082-1536x1152.jpeg 1536w, https:\/\/aiie.valahia.ro\/wp-content\/uploads\/2025\/10\/IMG_1082-360x270.jpeg 360w, https:\/\/aiie.valahia.ro\/wp-content\/uploads\/2025\/10\/IMG_1082.jpeg 2048w\" sizes=\"auto, (max-width: 1024px) 100vw, 1024px\" \/><\/figure>\n<\/figure>\n","protected":false},"excerpt":{"rendered":"<p>PROGRAM CAIA 2025 Cea de-a VI-a edi\u021bie a Sesiunii de Comunic\u0103ri \u0218tin\u021bifice Studen\u021be\u0219ti \u201dControl Automatizat \u0219i Informatic\u0103 Aplicat\u0103 \u00een procese de laborator \u0219i industriale\u201d \u2013 CAIA 2025, organizat\u0103 de Departamentul de Automatic\u0103, Informatic\u0103 \u0219i Inginerie Electric\u0103 (DAIIE) din Universitatea Valahia <a href=\"https:\/\/aiie.valahia.ro\/index.php\/caia-2025\/\" class=\"read-more\">Cite\u0219te mai mult &#8230;<\/a><\/p>\n","protected":false},"author":1,"featured_media":0,"parent":0,"menu_order":0,"comment_status":"closed","ping_status":"closed","template":"","meta":{"footnotes":""},"class_list":["post-785","page","type-page","status-publish","hentry"],"_links":{"self":[{"href":"https:\/\/aiie.valahia.ro\/index.php\/wp-json\/wp\/v2\/pages\/785","targetHints":{"allow":["GET"]}}],"collection":[{"href":"https:\/\/aiie.valahia.ro\/index.php\/wp-json\/wp\/v2\/pages"}],"about":[{"href":"https:\/\/aiie.valahia.ro\/index.php\/wp-json\/wp\/v2\/types\/page"}],"author":[{"embeddable":true,"href":"https:\/\/aiie.valahia.ro\/index.php\/wp-json\/wp\/v2\/users\/1"}],"replies":[{"embeddable":true,"href":"https:\/\/aiie.valahia.ro\/index.php\/wp-json\/wp\/v2\/comments?post=785"}],"version-history":[{"count":5,"href":"https:\/\/aiie.valahia.ro\/index.php\/wp-json\/wp\/v2\/pages\/785\/revisions"}],"predecessor-version":[{"id":867,"href":"https:\/\/aiie.valahia.ro\/index.php\/wp-json\/wp\/v2\/pages\/785\/revisions\/867"}],"wp:attachment":[{"href":"https:\/\/aiie.valahia.ro\/index.php\/wp-json\/wp\/v2\/media?parent=785"}],"curies":[{"name":"wp","href":"https:\/\/api.w.org\/{rel}","templated":true}]}}