{"id":811,"date":"2025-10-10T03:41:54","date_gmt":"2025-10-10T00:41:54","guid":{"rendered":"https:\/\/aiie.valahia.ro\/?page_id=811"},"modified":"2025-10-10T03:46:51","modified_gmt":"2025-10-10T00:46:51","slug":"srait","status":"publish","type":"page","link":"https:\/\/aiie.valahia.ro\/index.php\/srait\/","title":{"rendered":"SRAIT"},"content":{"rendered":"\n<p><strong><a href=\"http:\/\/srait.ro\" target=\"_blank\" rel=\"noreferrer noopener\">Societatea Rom\u00e2n\u0103 de Automatica \u0219i Informatic\u0103 Tehnic\u0103 &#8211; SRAIT<\/a><\/strong><\/p>\n\n\n\n<p><strong>Lista membrilor SRAIT Filiala T\u00e2rgovi\u0219te<\/strong><\/p>\n\n\n\n<p>1. Prof.dr. Luminita Du\u021b\u0103 (presedinte)<br>2. Conf. dr. Mihai B\u00eezoi (secretar)<br>3. Acad. Florin Gh. Filip<br>4. Conf. dr. Otilia Dragomir<br>5. Conf. dr. Henri George Coand\u0103<br>6. Conf. dr. Veronica \u0218tefan<br>7. Conf. dr. Paul Ciprian Patic<br>8. Conf.dr. Ana Maria Suduc<br>9. S.l. dr. Lucia Pascale<br>10. Doctorand Ciprian Popescu<br>11. Doctorand Dumitru Enache<br>12. Asistent Adrian Tudoroiu<br>13. Doctorand Sirbu Iulia Renata<br>14. Doctorand Sirbu Iustin<\/p>\n","protected":false},"excerpt":{"rendered":"<p>Societatea Rom\u00e2n\u0103 de Automatica \u0219i Informatic\u0103 Tehnic\u0103 &#8211; SRAIT Lista membrilor SRAIT Filiala T\u00e2rgovi\u0219te 1. Prof.dr. Luminita Du\u021b\u0103 (presedinte)2. Conf. dr. Mihai B\u00eezoi (secretar)3. Acad. Florin Gh. Filip4. Conf. dr. Otilia Dragomir5. Conf. dr. Henri George Coand\u01036. Conf. dr. Veronica <a href=\"https:\/\/aiie.valahia.ro\/index.php\/srait\/\" class=\"read-more\">Cite\u0219te mai mult &#8230;<\/a><\/p>\n","protected":false},"author":1,"featured_media":0,"parent":0,"menu_order":0,"comment_status":"closed","ping_status":"closed","template":"","meta":{"footnotes":""},"class_list":["post-811","page","type-page","status-publish","hentry"],"_links":{"self":[{"href":"https:\/\/aiie.valahia.ro\/index.php\/wp-json\/wp\/v2\/pages\/811","targetHints":{"allow":["GET"]}}],"collection":[{"href":"https:\/\/aiie.valahia.ro\/index.php\/wp-json\/wp\/v2\/pages"}],"about":[{"href":"https:\/\/aiie.valahia.ro\/index.php\/wp-json\/wp\/v2\/types\/page"}],"author":[{"embeddable":true,"href":"https:\/\/aiie.valahia.ro\/index.php\/wp-json\/wp\/v2\/users\/1"}],"replies":[{"embeddable":true,"href":"https:\/\/aiie.valahia.ro\/index.php\/wp-json\/wp\/v2\/comments?post=811"}],"version-history":[{"count":4,"href":"https:\/\/aiie.valahia.ro\/index.php\/wp-json\/wp\/v2\/pages\/811\/revisions"}],"predecessor-version":[{"id":816,"href":"https:\/\/aiie.valahia.ro\/index.php\/wp-json\/wp\/v2\/pages\/811\/revisions\/816"}],"wp:attachment":[{"href":"https:\/\/aiie.valahia.ro\/index.php\/wp-json\/wp\/v2\/media?parent=811"}],"curies":[{"name":"wp","href":"https:\/\/api.w.org\/{rel}","templated":true}]}}